{"id":597,"date":"2026-03-12T19:25:37","date_gmt":"2026-03-12T19:25:37","guid":{"rendered":"https:\/\/definetz.eu\/nachrichten\/"},"modified":"2026-03-12T20:16:43","modified_gmt":"2026-03-12T20:16:43","slug":"nachrichten","status":"publish","type":"page","link":"https:\/\/definetz.eu\/en\/nachrichten\/","title":{"rendered":"News"},"content":{"rendered":"<ul class=\"wp-block-latest-posts__list has-dates ext-animate--on wp-block-latest-posts\"><li><div class=\"wp-block-latest-posts__featured-image alignleft\"><img loading=\"lazy\" decoding=\"async\" width=\"300\" height=\"148\" src=\"https:\/\/definetz.eu\/wp-content\/uploads\/2026\/03\/r20flat-300x148.png\" class=\"attachment-medium size-medium wp-post-image\" alt=\"\" style=\"max-width:225px;max-height:225px;\" srcset=\"https:\/\/definetz.eu\/wp-content\/uploads\/2026\/03\/r20flat-300x148.png 300w, https:\/\/definetz.eu\/wp-content\/uploads\/2026\/03\/r20flat-18x9.png 18w, https:\/\/definetz.eu\/wp-content\/uploads\/2026\/03\/r20flat-600x296.png 600w, https:\/\/definetz.eu\/wp-content\/uploads\/2026\/03\/r20flat.png 762w\" sizes=\"auto, (max-width: 300px) 100vw, 300px\" \/><\/div><a class=\"wp-block-latest-posts__post-title\" href=\"https:\/\/definetz.eu\/en\/swing-fuers-herz\/\">Swing for the heart<\/a><time datetime=\"2026-03-23T09:19:05+00:00\" class=\"wp-block-latest-posts__post-date\">23.03.2026<\/time><div class=\"wp-block-latest-posts__post-excerpt\">15 Jahre Definetz Manchmal braucht es keine langen Reden, keine gro\u00dfen Worte und keine bedeutungsschweren Podien. Manchmal reichen Musik, Menschen, und ein guter Anlass &#8211; wie zum Beispiel den 15. Geburtstag von Definetz. Genau\u2026 <a class=\"wp-block-latest-posts__read-more\" href=\"https:\/\/definetz.eu\/en\/swing-fuers-herz\/\" rel=\"noopener noreferrer\">Read more<span class=\"screen-reader-text\">: Swing f\u00fcr&#8217;s Herz<\/span><\/a><\/div><\/li>\n<li><div class=\"wp-block-latest-posts__featured-image alignleft\"><img loading=\"lazy\" decoding=\"async\" width=\"300\" height=\"169\" src=\"https:\/\/definetz.eu\/wp-content\/uploads\/2026\/03\/048A1737-scaled-1-300x169.jpg\" class=\"attachment-medium size-medium wp-post-image\" alt=\"\" style=\"max-width:225px;max-height:225px;\" srcset=\"https:\/\/definetz.eu\/wp-content\/uploads\/2026\/03\/048A1737-scaled-1-300x169.jpg 300w, https:\/\/definetz.eu\/wp-content\/uploads\/2026\/03\/048A1737-scaled-1-1024x576.jpg 1024w, https:\/\/definetz.eu\/wp-content\/uploads\/2026\/03\/048A1737-scaled-1-768x432.jpg 768w, https:\/\/definetz.eu\/wp-content\/uploads\/2026\/03\/048A1737-scaled-1-1536x864.jpg 1536w, https:\/\/definetz.eu\/wp-content\/uploads\/2026\/03\/048A1737-scaled-1-2048x1152.jpg 2048w, https:\/\/definetz.eu\/wp-content\/uploads\/2026\/03\/048A1737-scaled-1-18x10.jpg 18w, https:\/\/definetz.eu\/wp-content\/uploads\/2026\/03\/048A1737-scaled-1-600x338.jpg 600w\" sizes=\"auto, (max-width: 300px) 100vw, 300px\" \/><\/div><a class=\"wp-block-latest-posts__post-title\" href=\"https:\/\/definetz.eu\/en\/meilenstein-fuer-die-herzsicherheit\/\">Milestone for cardiac safety<\/a><time datetime=\"2026-03-12T23:22:37+00:00\" class=\"wp-block-latest-posts__post-date\">12.03.2026<\/time><div class=\"wp-block-latest-posts__post-excerpt\">Wismarer Herzforum schafft Grundlagen f\u00fcr einen bundesweiten Qualit\u00e4tsstandard Wismar. Mit einem kraftvollen Signal f\u00fcr mehr Herzsicherheit in Deutschland ist das erste Wismar Herzforum zu Ende gegangen. Drei Tage lang diskutierten unter der Schirmherrschaft von\u2026 <a class=\"wp-block-latest-posts__read-more\" href=\"https:\/\/definetz.eu\/en\/meilenstein-fuer-die-herzsicherheit\/\" rel=\"noopener noreferrer\">Read more<span class=\"screen-reader-text\">: Meilenstein f\u00fcr die Herzsicherheit<\/span><\/a><\/div><\/li>\n<li><div class=\"wp-block-latest-posts__featured-image alignleft\"><img loading=\"lazy\" decoding=\"async\" width=\"300\" height=\"169\" src=\"https:\/\/definetz.eu\/wp-content\/uploads\/2026\/03\/ScheckDez11-1024x576-1-300x169.jpg\" class=\"attachment-medium size-medium wp-post-image\" alt=\"\" style=\"max-width:225px;max-height:225px;\" srcset=\"https:\/\/definetz.eu\/wp-content\/uploads\/2026\/03\/ScheckDez11-1024x576-1-300x169.jpg 300w, https:\/\/definetz.eu\/wp-content\/uploads\/2026\/03\/ScheckDez11-1024x576-1-768x432.jpg 768w, https:\/\/definetz.eu\/wp-content\/uploads\/2026\/03\/ScheckDez11-1024x576-1-18x10.jpg 18w, https:\/\/definetz.eu\/wp-content\/uploads\/2026\/03\/ScheckDez11-1024x576-1-600x338.jpg 600w, https:\/\/definetz.eu\/wp-content\/uploads\/2026\/03\/ScheckDez11-1024x576-1.jpg 1024w\" sizes=\"auto, (max-width: 300px) 100vw, 300px\" \/><\/div><a class=\"wp-block-latest-posts__post-title\" href=\"https:\/\/definetz.eu\/en\/nachricht-1\/\">Generous donation: Newline Europe Versicherung AG supports Definetz<\/a><time datetime=\"2025-11-12T19:30:00+00:00\" class=\"wp-block-latest-posts__post-date\">12.11.2025<\/time><div class=\"wp-block-latest-posts__post-excerpt\">Hamm.&nbsp;Eine wertvolle Unterst\u00fctzung f\u00fcr den Kampf gegen den pl\u00f6tzlichen Herztod: Die&nbsp;Newline Europe Versicherung AG&nbsp;hat dem gemeinn\u00fctzigen Verein&nbsp;Definetz e.V.&nbsp;eine gro\u00dfz\u00fcgige Spende \u00fcberreicht. Der symbolische Scheck wurde von&nbsp;Manuel Wirtz&nbsp;(rechts) , CEO der Newline Europe Versicherung AG,\u2026 <a class=\"wp-block-latest-posts__read-more\" href=\"https:\/\/definetz.eu\/en\/nachricht-1\/\" rel=\"noopener noreferrer\">Read more<span class=\"screen-reader-text\">: Gro\u00dfz\u00fcgige Spende: Newline Europe Versicherung AG unterst\u00fctzt Definetz<\/span><\/a><\/div><\/li>\n<li><div class=\"wp-block-latest-posts__featured-image alignleft\"><img loading=\"lazy\" decoding=\"async\" width=\"300\" height=\"169\" src=\"https:\/\/definetz.eu\/wp-content\/uploads\/2026\/03\/restart-1024x576-1-300x169.jpg\" class=\"attachment-medium size-medium wp-post-image\" alt=\"\" style=\"max-width:225px;max-height:225px;\" srcset=\"https:\/\/definetz.eu\/wp-content\/uploads\/2026\/03\/restart-1024x576-1-300x169.jpg 300w, https:\/\/definetz.eu\/wp-content\/uploads\/2026\/03\/restart-1024x576-1-768x432.jpg 768w, https:\/\/definetz.eu\/wp-content\/uploads\/2026\/03\/restart-1024x576-1-18x10.jpg 18w, https:\/\/definetz.eu\/wp-content\/uploads\/2026\/03\/restart-1024x576-1-600x338.jpg 600w, https:\/\/definetz.eu\/wp-content\/uploads\/2026\/03\/restart-1024x576-1.jpg 1024w\" sizes=\"auto, (max-width: 300px) 100vw, 300px\" \/><\/div><a class=\"wp-block-latest-posts__post-title\" href=\"https:\/\/definetz.eu\/en\/nachricht-2\/\">World Restart A Heart Day<\/a><time datetime=\"2025-10-16T19:30:00+00:00\" class=\"wp-block-latest-posts__post-date\">16.10.2025<\/time><div class=\"wp-block-latest-posts__post-excerpt\">K\u00f6ln und Ulm.&nbsp;Der World Restart a Heart Day \u2013 der internationale Tag der Wiederbelebung \u2013 wird heute bereits zum 8. Mal gefeiert. Weltweit steht dieser Tag \u2013 und die Wochen davor und danach \u2013\u2026 <a class=\"wp-block-latest-posts__read-more\" href=\"https:\/\/definetz.eu\/en\/nachricht-2\/\" rel=\"noopener noreferrer\">Read more<span class=\"screen-reader-text\">: World Restart A Heart Day<\/span><\/a><\/div><\/li>\n<li><div class=\"wp-block-latest-posts__featured-image alignleft\"><img loading=\"lazy\" decoding=\"async\" width=\"300\" height=\"169\" src=\"https:\/\/definetz.eu\/wp-content\/uploads\/2026\/03\/20250719_111337-scaled-1-300x169.jpg\" class=\"attachment-medium size-medium wp-post-image\" alt=\"Staatsekret\u00e4rin Sylvia Grimm \u00fcberbrachte nicht nur einen F\u00f6rderbescheid, sondern lie\u00df sich auch intensiv in das Thema Wiederbelebung einf\u00fchren. Foto (C) FDF\" style=\"max-width:225px;max-height:225px;\" srcset=\"https:\/\/definetz.eu\/wp-content\/uploads\/2026\/03\/20250719_111337-scaled-1-300x169.jpg 300w, https:\/\/definetz.eu\/wp-content\/uploads\/2026\/03\/20250719_111337-scaled-1-1024x576.jpg 1024w, https:\/\/definetz.eu\/wp-content\/uploads\/2026\/03\/20250719_111337-scaled-1-768x432.jpg 768w, https:\/\/definetz.eu\/wp-content\/uploads\/2026\/03\/20250719_111337-scaled-1-1536x865.jpg 1536w, https:\/\/definetz.eu\/wp-content\/uploads\/2026\/03\/20250719_111337-scaled-1-2048x1153.jpg 2048w, https:\/\/definetz.eu\/wp-content\/uploads\/2026\/03\/20250719_111337-scaled-1-18x10.jpg 18w, https:\/\/definetz.eu\/wp-content\/uploads\/2026\/03\/20250719_111337-scaled-1-600x338.jpg 600w\" sizes=\"auto, (max-width: 300px) 100vw, 300px\" \/><\/div><a class=\"wp-block-latest-posts__post-title\" href=\"https:\/\/definetz.eu\/en\/aktionstag-setzt-zeichen-fuer-wiederbelebung-und-praevention\/\">Day of action sets an example for resuscitation and prevention<\/a><time datetime=\"2025-07-26T20:32:00+00:00\" class=\"wp-block-latest-posts__post-date\">26.07.2025<\/time><div class=\"wp-block-latest-posts__post-excerpt\">Crivitz, 19. Juli 2025 \u2013 Unter dem Motto \u201eCrivitz hat Herz\u201c fand am Sonnabend ein gro\u00df angelegter Aktionstag zur F\u00f6rderung der Laienreanimation und zur St\u00e4rkung der Notfallversorgung in der Stadt Crivitz statt. In enger\u2026 <a class=\"wp-block-latest-posts__read-more\" href=\"https:\/\/definetz.eu\/en\/aktionstag-setzt-zeichen-fuer-wiederbelebung-und-praevention\/\" rel=\"noopener noreferrer\">Read more<span class=\"screen-reader-text\">: Aktionstag setzt Zeichen f\u00fcr Wiederbelebung und Pr\u00e4vention<\/span><\/a><\/div><\/li>\n<\/ul>","protected":false},"excerpt":{"rendered":"","protected":false},"author":1,"featured_media":0,"parent":0,"menu_order":0,"comment_status":"closed","ping_status":"closed","template":"page-with-title","meta":{"footnotes":""},"class_list":["post-597","page","type-page","status-publish","hentry"],"jetpack_sharing_enabled":true,"_links":{"self":[{"href":"https:\/\/definetz.eu\/en\/wp-json\/wp\/v2\/pages\/597","targetHints":{"allow":["GET"]}}],"collection":[{"href":"https:\/\/definetz.eu\/en\/wp-json\/wp\/v2\/pages"}],"about":[{"href":"https:\/\/definetz.eu\/en\/wp-json\/wp\/v2\/types\/page"}],"author":[{"embeddable":true,"href":"https:\/\/definetz.eu\/en\/wp-json\/wp\/v2\/users\/1"}],"replies":[{"embeddable":true,"href":"https:\/\/definetz.eu\/en\/wp-json\/wp\/v2\/comments?post=597"}],"version-history":[{"count":20,"href":"https:\/\/definetz.eu\/en\/wp-json\/wp\/v2\/pages\/597\/revisions"}],"predecessor-version":[{"id":640,"href":"https:\/\/definetz.eu\/en\/wp-json\/wp\/v2\/pages\/597\/revisions\/640"}],"wp:attachment":[{"href":"https:\/\/definetz.eu\/en\/wp-json\/wp\/v2\/media?parent=597"}],"curies":[{"name":"wp","href":"https:\/\/api.w.org\/{rel}","templated":true}]}}

<ul class="wp-block-latest-posts__list has-dates ext-animate--on wp-block-latest-posts"><li><div class="wp-block-latest-posts__featured-image alignleft"><img loading="lazy" decoding="async" width="300" height="148" src="https://definetz.eu/wp-content/uploads/2026/03/r20flat-300x148.png" class="attachment-medium size-medium wp-post-image" alt="" style="max-width:225px;max-height:225px;" srcset="https://definetz.eu/wp-content/uploads/2026/03/r20flat-300x148.png 300w, https://definetz.eu/wp-content/uploads/2026/03/r20flat-18x9.png 18w, https://definetz.eu/wp-content/uploads/2026/03/r20flat-600x296.png 600w, https://definetz.eu/wp-content/uploads/2026/03/r20flat.png 762w" sizes="auto, (max-width: 300px) 100vw, 300px" /></div><a class="wp-block-latest-posts__post-title" href="https://definetz.eu/en/swing-fuers-herz/">Swing for the heart</a><time datetime="2026-03-23T09:19:05+00:00" class="wp-block-latest-posts__post-date">23.03.2026</time><div class="wp-block-latest-posts__post-excerpt">15 Jahre Definetz Manchmal braucht es keine langen Reden, keine großen Worte und keine bedeutungsschweren Podien. Manchmal reichen Musik, Menschen, und ein guter Anlass &#8211; wie zum Beispiel den 15. Geburtstag von Definetz. Genau… <a class="wp-block-latest-posts__read-more" href="https://definetz.eu/en/swing-fuers-herz/" rel="noopener noreferrer">Read more<span class="screen-reader-text">: Swing für&#8217;s Herz</span></a></div></li>
<li><div class="wp-block-latest-posts__featured-image alignleft"><img loading="lazy" decoding="async" width="300" height="169" src="https://definetz.eu/wp-content/uploads/2026/03/048A1737-scaled-1-300x169.jpg" class="attachment-medium size-medium wp-post-image" alt="" style="max-width:225px;max-height:225px;" srcset="https://definetz.eu/wp-content/uploads/2026/03/048A1737-scaled-1-300x169.jpg 300w, https://definetz.eu/wp-content/uploads/2026/03/048A1737-scaled-1-1024x576.jpg 1024w, https://definetz.eu/wp-content/uploads/2026/03/048A1737-scaled-1-768x432.jpg 768w, https://definetz.eu/wp-content/uploads/2026/03/048A1737-scaled-1-1536x864.jpg 1536w, https://definetz.eu/wp-content/uploads/2026/03/048A1737-scaled-1-2048x1152.jpg 2048w, https://definetz.eu/wp-content/uploads/2026/03/048A1737-scaled-1-18x10.jpg 18w, https://definetz.eu/wp-content/uploads/2026/03/048A1737-scaled-1-600x338.jpg 600w" sizes="auto, (max-width: 300px) 100vw, 300px" /></div><a class="wp-block-latest-posts__post-title" href="https://definetz.eu/en/meilenstein-fuer-die-herzsicherheit/">Milestone for cardiac safety</a><time datetime="2026-03-12T23:22:37+00:00" class="wp-block-latest-posts__post-date">12.03.2026</time><div class="wp-block-latest-posts__post-excerpt">Wismarer Herzforum schafft Grundlagen für einen bundesweiten Qualitätsstandard Wismar. Mit einem kraftvollen Signal für mehr Herzsicherheit in Deutschland ist das erste Wismar Herzforum zu Ende gegangen. Drei Tage lang diskutierten unter der Schirmherrschaft von… <a class="wp-block-latest-posts__read-more" href="https://definetz.eu/en/meilenstein-fuer-die-herzsicherheit/" rel="noopener noreferrer">Read more<span class="screen-reader-text">: Meilenstein für die Herzsicherheit</span></a></div></li>
<li><div class="wp-block-latest-posts__featured-image alignleft"><img loading="lazy" decoding="async" width="300" height="169" src="https://definetz.eu/wp-content/uploads/2026/03/ScheckDez11-1024x576-1-300x169.jpg" class="attachment-medium size-medium wp-post-image" alt="" style="max-width:225px;max-height:225px;" srcset="https://definetz.eu/wp-content/uploads/2026/03/ScheckDez11-1024x576-1-300x169.jpg 300w, https://definetz.eu/wp-content/uploads/2026/03/ScheckDez11-1024x576-1-768x432.jpg 768w, https://definetz.eu/wp-content/uploads/2026/03/ScheckDez11-1024x576-1-18x10.jpg 18w, https://definetz.eu/wp-content/uploads/2026/03/ScheckDez11-1024x576-1-600x338.jpg 600w, https://definetz.eu/wp-content/uploads/2026/03/ScheckDez11-1024x576-1.jpg 1024w" sizes="auto, (max-width: 300px) 100vw, 300px" /></div><a class="wp-block-latest-posts__post-title" href="https://definetz.eu/en/nachricht-1/">Generous donation: Newline Europe Versicherung AG supports Definetz</a><time datetime="2025-11-12T19:30:00+00:00" class="wp-block-latest-posts__post-date">12.11.2025</time><div class="wp-block-latest-posts__post-excerpt">Hamm.&nbsp;Eine wertvolle Unterstützung für den Kampf gegen den plötzlichen Herztod: Die&nbsp;Newline Europe Versicherung AG&nbsp;hat dem gemeinnützigen Verein&nbsp;Definetz e.V.&nbsp;eine großzügige Spende überreicht. Der symbolische Scheck wurde von&nbsp;Manuel Wirtz&nbsp;(rechts) , CEO der Newline Europe Versicherung AG,… <a class="wp-block-latest-posts__read-more" href="https://definetz.eu/en/nachricht-1/" rel="noopener noreferrer">Read more<span class="screen-reader-text">: Großzügige Spende: Newline Europe Versicherung AG unterstützt Definetz</span></a></div></li>
<li><div class="wp-block-latest-posts__featured-image alignleft"><img loading="lazy" decoding="async" width="300" height="169" src="https://definetz.eu/wp-content/uploads/2026/03/restart-1024x576-1-300x169.jpg" class="attachment-medium size-medium wp-post-image" alt="" style="max-width:225px;max-height:225px;" srcset="https://definetz.eu/wp-content/uploads/2026/03/restart-1024x576-1-300x169.jpg 300w, https://definetz.eu/wp-content/uploads/2026/03/restart-1024x576-1-768x432.jpg 768w, https://definetz.eu/wp-content/uploads/2026/03/restart-1024x576-1-18x10.jpg 18w, https://definetz.eu/wp-content/uploads/2026/03/restart-1024x576-1-600x338.jpg 600w, https://definetz.eu/wp-content/uploads/2026/03/restart-1024x576-1.jpg 1024w" sizes="auto, (max-width: 300px) 100vw, 300px" /></div><a class="wp-block-latest-posts__post-title" href="https://definetz.eu/en/nachricht-2/">World Restart A Heart Day</a><time datetime="2025-10-16T19:30:00+00:00" class="wp-block-latest-posts__post-date">16.10.2025</time><div class="wp-block-latest-posts__post-excerpt">Köln und Ulm.&nbsp;Der World Restart a Heart Day – der internationale Tag der Wiederbelebung – wird heute bereits zum 8. Mal gefeiert. Weltweit steht dieser Tag – und die Wochen davor und danach –… <a class="wp-block-latest-posts__read-more" href="https://definetz.eu/en/nachricht-2/" rel="noopener noreferrer">Read more<span class="screen-reader-text">: World Restart A Heart Day</span></a></div></li>
<li><div class="wp-block-latest-posts__featured-image alignleft"><img loading="lazy" decoding="async" width="300" height="169" src="https://definetz.eu/wp-content/uploads/2026/03/20250719_111337-scaled-1-300x169.jpg" class="attachment-medium size-medium wp-post-image" alt="Staatsekretärin Sylvia Grimm überbrachte nicht nur einen Förderbescheid, sondern ließ sich auch intensiv in das Thema Wiederbelebung einführen. Foto (C) FDF" style="max-width:225px;max-height:225px;" srcset="https://definetz.eu/wp-content/uploads/2026/03/20250719_111337-scaled-1-300x169.jpg 300w, https://definetz.eu/wp-content/uploads/2026/03/20250719_111337-scaled-1-1024x576.jpg 1024w, https://definetz.eu/wp-content/uploads/2026/03/20250719_111337-scaled-1-768x432.jpg 768w, https://definetz.eu/wp-content/uploads/2026/03/20250719_111337-scaled-1-1536x865.jpg 1536w, https://definetz.eu/wp-content/uploads/2026/03/20250719_111337-scaled-1-2048x1153.jpg 2048w, https://definetz.eu/wp-content/uploads/2026/03/20250719_111337-scaled-1-18x10.jpg 18w, https://definetz.eu/wp-content/uploads/2026/03/20250719_111337-scaled-1-600x338.jpg 600w" sizes="auto, (max-width: 300px) 100vw, 300px" /></div><a class="wp-block-latest-posts__post-title" href="https://definetz.eu/en/aktionstag-setzt-zeichen-fuer-wiederbelebung-und-praevention/">Day of action sets an example for resuscitation and prevention</a><time datetime="2025-07-26T20:32:00+00:00" class="wp-block-latest-posts__post-date">26.07.2025</time><div class="wp-block-latest-posts__post-excerpt">Crivitz, 19. Juli 2025 – Unter dem Motto „Crivitz hat Herz“ fand am Sonnabend ein groß angelegter Aktionstag zur Förderung der Laienreanimation und zur Stärkung der Notfallversorgung in der Stadt Crivitz statt. In enger… <a class="wp-block-latest-posts__read-more" href="https://definetz.eu/en/aktionstag-setzt-zeichen-fuer-wiederbelebung-und-praevention/" rel="noopener noreferrer">Read more<span class="screen-reader-text">: Aktionstag setzt Zeichen für Wiederbelebung und Prävention</span></a></div></li>
</ul>
